{"id":53,"date":"2021-07-09T21:14:40","date_gmt":"2021-07-09T19:14:40","guid":{"rendered":"http:\/\/edustar.fr\/?page_id=53"},"modified":"2024-07-19T17:33:52","modified_gmt":"2024-07-19T15:33:52","slug":"qui-sommes-nous","status":"publish","type":"page","link":"https:\/\/edustar.fr\/?page_id=53","title":{"rendered":"Enqu\u00eates"},"content":{"rendered":"<p><\/p>\n\n\n<div class=\"wp-block-media-text alignwide is-stacked-on-mobile\" style=\"grid-template-columns:42% auto\"><figure class=\"wp-block-media-text__media\"><img loading=\"lazy\" width=\"700\" height=\"360\" src=\"http:\/\/edustar.fr\/wp-content\/uploads\/2021\/08\/\u5408\u4f5c.jpeg\" alt=\"\" class=\"wp-image-25211\" srcset=\"https:\/\/edustar.fr\/wp-content\/uploads\/2021\/08\/\u5408\u4f5c.jpeg 700w, https:\/\/edustar.fr\/wp-content\/uploads\/2021\/08\/\u5408\u4f5c-300x154.jpeg 300w, https:\/\/edustar.fr\/wp-content\/uploads\/2021\/08\/\u5408\u4f5c-600x309.jpeg 600w\" sizes=\"(max-width: 700px) 100vw, 700px\" \/><\/figure><div class=\"wp-block-media-text__content\">\n<h3 class=\"has-text-align-center\"><strong>Vous avez suivi nos formations ?&nbsp;<\/strong><\/h3>\n\n\n\n<blockquote class=\"wp-block-quote\"><p>Une fois la formation termin\u00e9e, nous avons besoin de vous pour nous faire part de vos commentaires, ce qui peut mieux nous aider \u00e0 am\u00e9liorer le contenu de la formation et la qualit\u00e9 du service.<\/p><\/blockquote>\n\n\n\n<div class=\"wp-block-buttons aligncenter\">\n<div class=\"wp-block-button\"><a class=\"wp-block-button__link\" href=\"https:\/\/docs.google.com\/forms\/d\/e\/1FAIpQLSd5wc8z_HiFw1RWODvnT5WdIlcllXLGzWI6ZocHG9JlCSHlDA\/viewform?usp=sf_link\">GERANT<\/a><\/div>\n\n\n\n<div class=\"wp-block-button\"><a class=\"wp-block-button__link\" href=\"https:\/\/docs.google.com\/forms\/d\/e\/1FAIpQLSfp14YQusAGekRJdcJ_O5BnVn4ZrYNwO-gEBH-GYr14sdQFrA\/viewform?usp=sf_link\">STAGIAIRE<\/a><\/div>\n<\/div>\n<\/div><\/div>\n\n\n\n<figure class=\"wp-block-image size-large\"><img loading=\"lazy\" width=\"983\" height=\"522\" src=\"http:\/\/edustar.fr\/wp-content\/uploads\/2024\/07\/Capture-decran-2024-07-19-172657.png\" alt=\"\" class=\"wp-image-25516\" srcset=\"https:\/\/edustar.fr\/wp-content\/uploads\/2024\/07\/Capture-decran-2024-07-19-172657.png 983w, https:\/\/edustar.fr\/wp-content\/uploads\/2024\/07\/Capture-decran-2024-07-19-172657-300x159.png 300w, https:\/\/edustar.fr\/wp-content\/uploads\/2024\/07\/Capture-decran-2024-07-19-172657-768x408.png 768w, https:\/\/edustar.fr\/wp-content\/uploads\/2024\/07\/Capture-decran-2024-07-19-172657-600x319.png 600w\" sizes=\"(max-width: 983px) 100vw, 983px\" \/><\/figure>\n\n\n\n<figure class=\"wp-block-image size-large\"><img loading=\"lazy\" width=\"957\" height=\"491\" src=\"http:\/\/edustar.fr\/wp-content\/uploads\/2024\/07\/Capture-decran-2024-07-19-172734.png\" alt=\"\" class=\"wp-image-25517\" srcset=\"https:\/\/edustar.fr\/wp-content\/uploads\/2024\/07\/Capture-decran-2024-07-19-172734.png 957w, https:\/\/edustar.fr\/wp-content\/uploads\/2024\/07\/Capture-decran-2024-07-19-172734-300x154.png 300w, https:\/\/edustar.fr\/wp-content\/uploads\/2024\/07\/Capture-decran-2024-07-19-172734-768x394.png 768w, https:\/\/edustar.fr\/wp-content\/uploads\/2024\/07\/Capture-decran-2024-07-19-172734-600x308.png 600w\" sizes=\"(max-width: 957px) 100vw, 957px\" \/><\/figure>\n\n\n\n<figure class=\"wp-block-image size-large\"><img loading=\"lazy\" width=\"956\" height=\"518\" src=\"http:\/\/edustar.fr\/wp-content\/uploads\/2024\/07\/Capture-decran-2024-07-19-172758.png\" alt=\"\" class=\"wp-image-25518\" srcset=\"https:\/\/edustar.fr\/wp-content\/uploads\/2024\/07\/Capture-decran-2024-07-19-172758.png 956w, https:\/\/edustar.fr\/wp-content\/uploads\/2024\/07\/Capture-decran-2024-07-19-172758-300x163.png 300w, https:\/\/edustar.fr\/wp-content\/uploads\/2024\/07\/Capture-decran-2024-07-19-172758-768x416.png 768w, https:\/\/edustar.fr\/wp-content\/uploads\/2024\/07\/Capture-decran-2024-07-19-172758-600x325.png 600w\" sizes=\"(max-width: 956px) 100vw, 956px\" \/><\/figure>\n\n\n\n<figure class=\"wp-block-image size-large\"><img loading=\"lazy\" width=\"997\" height=\"508\" src=\"http:\/\/edustar.fr\/wp-content\/uploads\/2024\/07\/Capture-decran-2024-07-19-172811.png\" alt=\"\" class=\"wp-image-25519\" srcset=\"https:\/\/edustar.fr\/wp-content\/uploads\/2024\/07\/Capture-decran-2024-07-19-172811.png 997w, https:\/\/edustar.fr\/wp-content\/uploads\/2024\/07\/Capture-decran-2024-07-19-172811-300x153.png 300w, https:\/\/edustar.fr\/wp-content\/uploads\/2024\/07\/Capture-decran-2024-07-19-172811-768x391.png 768w, https:\/\/edustar.fr\/wp-content\/uploads\/2024\/07\/Capture-decran-2024-07-19-172811-600x306.png 600w\" sizes=\"(max-width: 997px) 100vw, 997px\" \/><\/figure>\n\n\n\n<figure class=\"wp-block-image size-large\"><img loading=\"lazy\" width=\"947\" height=\"478\" src=\"http:\/\/edustar.fr\/wp-content\/uploads\/2024\/07\/Capture-decran-2024-07-19-172823.png\" alt=\"\" class=\"wp-image-25520\" srcset=\"https:\/\/edustar.fr\/wp-content\/uploads\/2024\/07\/Capture-decran-2024-07-19-172823.png 947w, https:\/\/edustar.fr\/wp-content\/uploads\/2024\/07\/Capture-decran-2024-07-19-172823-300x151.png 300w, https:\/\/edustar.fr\/wp-content\/uploads\/2024\/07\/Capture-decran-2024-07-19-172823-768x388.png 768w, https:\/\/edustar.fr\/wp-content\/uploads\/2024\/07\/Capture-decran-2024-07-19-172823-600x303.png 600w\" sizes=\"(max-width: 947px) 100vw, 947px\" \/><\/figure>\n\n\n\n<figure class=\"wp-block-image size-large\"><img loading=\"lazy\" width=\"937\" height=\"487\" src=\"http:\/\/edustar.fr\/wp-content\/uploads\/2024\/07\/Capture-decran-2024-07-19-172836.png\" alt=\"\" class=\"wp-image-25521\" srcset=\"https:\/\/edustar.fr\/wp-content\/uploads\/2024\/07\/Capture-decran-2024-07-19-172836.png 937w, https:\/\/edustar.fr\/wp-content\/uploads\/2024\/07\/Capture-decran-2024-07-19-172836-300x156.png 300w, https:\/\/edustar.fr\/wp-content\/uploads\/2024\/07\/Capture-decran-2024-07-19-172836-768x399.png 768w, https:\/\/edustar.fr\/wp-content\/uploads\/2024\/07\/Capture-decran-2024-07-19-172836-600x312.png 600w\" sizes=\"(max-width: 937px) 100vw, 937px\" \/><\/figure>\n\n\n\n<figure class=\"wp-block-image size-large\"><img loading=\"lazy\" width=\"951\" height=\"507\" src=\"http:\/\/edustar.fr\/wp-content\/uploads\/2024\/07\/Capture-decran-2024-07-19-172846.png\" alt=\"\" class=\"wp-image-25522\" srcset=\"https:\/\/edustar.fr\/wp-content\/uploads\/2024\/07\/Capture-decran-2024-07-19-172846.png 951w, https:\/\/edustar.fr\/wp-content\/uploads\/2024\/07\/Capture-decran-2024-07-19-172846-300x160.png 300w, https:\/\/edustar.fr\/wp-content\/uploads\/2024\/07\/Capture-decran-2024-07-19-172846-768x409.png 768w, https:\/\/edustar.fr\/wp-content\/uploads\/2024\/07\/Capture-decran-2024-07-19-172846-600x320.png 600w\" sizes=\"(max-width: 951px) 100vw, 951px\" \/><\/figure>\n\n\n\n<figure class=\"wp-block-image size-large\"><img loading=\"lazy\" width=\"955\" height=\"478\" src=\"http:\/\/edustar.fr\/wp-content\/uploads\/2024\/07\/Capture-decran-2024-07-19-172900.png\" alt=\"\" class=\"wp-image-25523\" srcset=\"https:\/\/edustar.fr\/wp-content\/uploads\/2024\/07\/Capture-decran-2024-07-19-172900.png 955w, https:\/\/edustar.fr\/wp-content\/uploads\/2024\/07\/Capture-decran-2024-07-19-172900-300x150.png 300w, https:\/\/edustar.fr\/wp-content\/uploads\/2024\/07\/Capture-decran-2024-07-19-172900-768x384.png 768w, https:\/\/edustar.fr\/wp-content\/uploads\/2024\/07\/Capture-decran-2024-07-19-172900-600x300.png 600w\" sizes=\"(max-width: 955px) 100vw, 955px\" \/><\/figure>\n\n\n\n<figure class=\"wp-block-image size-large\"><img loading=\"lazy\" width=\"937\" height=\"525\" src=\"http:\/\/edustar.fr\/wp-content\/uploads\/2024\/07\/Capture-decran-2024-07-19-172912.png\" alt=\"\" class=\"wp-image-25524\" srcset=\"https:\/\/edustar.fr\/wp-content\/uploads\/2024\/07\/Capture-decran-2024-07-19-172912.png 937w, https:\/\/edustar.fr\/wp-content\/uploads\/2024\/07\/Capture-decran-2024-07-19-172912-300x168.png 300w, https:\/\/edustar.fr\/wp-content\/uploads\/2024\/07\/Capture-decran-2024-07-19-172912-768x430.png 768w, https:\/\/edustar.fr\/wp-content\/uploads\/2024\/07\/Capture-decran-2024-07-19-172912-600x336.png 600w\" sizes=\"(max-width: 937px) 100vw, 937px\" \/><\/figure>\n\n\n\n<figure class=\"wp-block-image size-large\"><img loading=\"lazy\" width=\"967\" height=\"497\" src=\"http:\/\/edustar.fr\/wp-content\/uploads\/2024\/07\/Capture-decran-2024-07-19-172924.png\" alt=\"\" class=\"wp-image-25525\" srcset=\"https:\/\/edustar.fr\/wp-content\/uploads\/2024\/07\/Capture-decran-2024-07-19-172924.png 967w, https:\/\/edustar.fr\/wp-content\/uploads\/2024\/07\/Capture-decran-2024-07-19-172924-300x154.png 300w, https:\/\/edustar.fr\/wp-content\/uploads\/2024\/07\/Capture-decran-2024-07-19-172924-768x395.png 768w, https:\/\/edustar.fr\/wp-content\/uploads\/2024\/07\/Capture-decran-2024-07-19-172924-600x308.png 600w\" sizes=\"(max-width: 967px) 100vw, 967px\" \/><\/figure>\n\n\n\n<figure class=\"wp-block-image size-large\"><img loading=\"lazy\" width=\"947\" height=\"502\" src=\"http:\/\/edustar.fr\/wp-content\/uploads\/2024\/07\/Capture-decran-2024-07-19-172935.png\" alt=\"\" class=\"wp-image-25526\" srcset=\"https:\/\/edustar.fr\/wp-content\/uploads\/2024\/07\/Capture-decran-2024-07-19-172935.png 947w, https:\/\/edustar.fr\/wp-content\/uploads\/2024\/07\/Capture-decran-2024-07-19-172935-300x159.png 300w, https:\/\/edustar.fr\/wp-content\/uploads\/2024\/07\/Capture-decran-2024-07-19-172935-768x407.png 768w, https:\/\/edustar.fr\/wp-content\/uploads\/2024\/07\/Capture-decran-2024-07-19-172935-600x318.png 600w\" sizes=\"(max-width: 947px) 100vw, 947px\" \/><\/figure>\n\n\n\n<figure class=\"wp-block-image size-large\"><img loading=\"lazy\" width=\"952\" height=\"482\" src=\"http:\/\/edustar.fr\/wp-content\/uploads\/2024\/07\/Capture-decran-2024-07-19-172947.png\" alt=\"\" class=\"wp-image-25527\" srcset=\"https:\/\/edustar.fr\/wp-content\/uploads\/2024\/07\/Capture-decran-2024-07-19-172947.png 952w, https:\/\/edustar.fr\/wp-content\/uploads\/2024\/07\/Capture-decran-2024-07-19-172947-300x152.png 300w, https:\/\/edustar.fr\/wp-content\/uploads\/2024\/07\/Capture-decran-2024-07-19-172947-768x389.png 768w, https:\/\/edustar.fr\/wp-content\/uploads\/2024\/07\/Capture-decran-2024-07-19-172947-600x304.png 600w\" sizes=\"(max-width: 952px) 100vw, 952px\" \/><\/figure>\n\n\n\n<figure class=\"wp-block-image size-large\"><img loading=\"lazy\" width=\"950\" height=\"486\" src=\"http:\/\/edustar.fr\/wp-content\/uploads\/2024\/07\/Capture-decran-2024-07-19-172958.png\" alt=\"\" class=\"wp-image-25528\" srcset=\"https:\/\/edustar.fr\/wp-content\/uploads\/2024\/07\/Capture-decran-2024-07-19-172958.png 950w, https:\/\/edustar.fr\/wp-content\/uploads\/2024\/07\/Capture-decran-2024-07-19-172958-300x153.png 300w, https:\/\/edustar.fr\/wp-content\/uploads\/2024\/07\/Capture-decran-2024-07-19-172958-768x393.png 768w, https:\/\/edustar.fr\/wp-content\/uploads\/2024\/07\/Capture-decran-2024-07-19-172958-600x307.png 600w\" sizes=\"(max-width: 950px) 100vw, 950px\" \/><\/figure>\n\n\n\n<figure class=\"wp-block-image size-large\"><img loading=\"lazy\" width=\"957\" height=\"531\" src=\"http:\/\/edustar.fr\/wp-content\/uploads\/2024\/07\/Capture-decran-2024-07-19-173010.png\" alt=\"\" class=\"wp-image-25529\" srcset=\"https:\/\/edustar.fr\/wp-content\/uploads\/2024\/07\/Capture-decran-2024-07-19-173010.png 957w, https:\/\/edustar.fr\/wp-content\/uploads\/2024\/07\/Capture-decran-2024-07-19-173010-300x166.png 300w, https:\/\/edustar.fr\/wp-content\/uploads\/2024\/07\/Capture-decran-2024-07-19-173010-768x426.png 768w, https:\/\/edustar.fr\/wp-content\/uploads\/2024\/07\/Capture-decran-2024-07-19-173010-600x333.png 600w\" sizes=\"(max-width: 957px) 100vw, 957px\" \/><\/figure>\n\n\n\n<figure class=\"wp-block-image size-large\"><img loading=\"lazy\" width=\"957\" height=\"518\" src=\"http:\/\/edustar.fr\/wp-content\/uploads\/2024\/07\/Capture-decran-2024-07-19-173024.png\" alt=\"\" class=\"wp-image-25530\" srcset=\"https:\/\/edustar.fr\/wp-content\/uploads\/2024\/07\/Capture-decran-2024-07-19-173024.png 957w, https:\/\/edustar.fr\/wp-content\/uploads\/2024\/07\/Capture-decran-2024-07-19-173024-300x162.png 300w, https:\/\/edustar.fr\/wp-content\/uploads\/2024\/07\/Capture-decran-2024-07-19-173024-768x416.png 768w, https:\/\/edustar.fr\/wp-content\/uploads\/2024\/07\/Capture-decran-2024-07-19-173024-600x325.png 600w\" sizes=\"(max-width: 957px) 100vw, 957px\" \/><\/figure>\n\n\n\n<figure class=\"wp-block-image size-large\"><img loading=\"lazy\" width=\"990\" height=\"515\" src=\"http:\/\/edustar.fr\/wp-content\/uploads\/2024\/07\/Capture-decran-2024-07-19-173041-1.png\" alt=\"\" class=\"wp-image-25531\" srcset=\"https:\/\/edustar.fr\/wp-content\/uploads\/2024\/07\/Capture-decran-2024-07-19-173041-1.png 990w, https:\/\/edustar.fr\/wp-content\/uploads\/2024\/07\/Capture-decran-2024-07-19-173041-1-300x156.png 300w, https:\/\/edustar.fr\/wp-content\/uploads\/2024\/07\/Capture-decran-2024-07-19-173041-1-768x400.png 768w, https:\/\/edustar.fr\/wp-content\/uploads\/2024\/07\/Capture-decran-2024-07-19-173041-1-600x312.png 600w\" sizes=\"(max-width: 990px) 100vw, 990px\" \/><\/figure>\n","protected":false},"excerpt":{"rendered":"","protected":false},"author":1,"featured_media":0,"parent":0,"menu_order":0,"comment_status":"closed","ping_status":"closed","template":"","meta":[],"_links":{"self":[{"href":"https:\/\/edustar.fr\/index.php?rest_route=\/wp\/v2\/pages\/53"}],"collection":[{"href":"https:\/\/edustar.fr\/index.php?rest_route=\/wp\/v2\/pages"}],"about":[{"href":"https:\/\/edustar.fr\/index.php?rest_route=\/wp\/v2\/types\/page"}],"author":[{"embeddable":true,"href":"https:\/\/edustar.fr\/index.php?rest_route=\/wp\/v2\/users\/1"}],"replies":[{"embeddable":true,"href":"https:\/\/edustar.fr\/index.php?rest_route=%2Fwp%2Fv2%2Fcomments&post=53"}],"version-history":[{"count":32,"href":"https:\/\/edustar.fr\/index.php?rest_route=\/wp\/v2\/pages\/53\/revisions"}],"predecessor-version":[{"id":25532,"href":"https:\/\/edustar.fr\/index.php?rest_route=\/wp\/v2\/pages\/53\/revisions\/25532"}],"wp:attachment":[{"href":"https:\/\/edustar.fr\/index.php?rest_route=%2Fwp%2Fv2%2Fmedia&parent=53"}],"curies":[{"name":"wp","href":"https:\/\/api.w.org\/{rel}","templated":true}]}}